8624*z - 290. What is d(0)?
-290
Let p(o) = 2*o**2 - 43*o - 117. Calculate p(16).
-293
Let d(k) = -348956*k + 1395823. What is d(4)?
-1
Let z(o) = -13*o**3 - 3*o**2 + 3*o + 595. Give z(0).
595
Let z(x) = 2*x**2 + 304*x - 4516. Determine z(14).
132
Let w(m) = 11621*m - 17920. Give w(2).
5322
Let z(h) = -507*h**2 + 50180*h + 1287. Give z(99).
0
Let x(m) = m**3 - 170*m**2 + 1880*m + 2322. Determine x(158).
-206
Let v(r) = -4*r**3 - 493*r**2 + 370*r - 292. Give v(-124).
-44
Let q(v) = v**2 + 176*v - 3709. Determine q(19).
-4
Let d(w) = 5278*w - 73887. Determine d(14).
5
Let o(a) = 233079*a + 1398380. Give o(-6).
-94
Let w(j) = -j**3 - 150*j**2 - 1364*j - 1828. Calculate w(-8).
-4
Let n(j) = 184*j + 12430. What is n(-73)?
-1002
Let c(r) = 2*r**3 - 34*r**2 + 54*r - 1044. What is c(15)?
-1134
Let t(q) = 17*q**2 + 1022*q - 3082. Calculate t(-63).
5
Let r(s) = s**3 - 27*s**2 - 115*s - 255. Calculate r(31).
24
Let a(v) = v**2 - 695*v + 84099. Calculate a(156).
15
Let w(r) = 8*r + 1205. What is w(-98)?
421
Let b(m) = -1454*m - 340238. Determine b(-234).
-2
Let f(k) = 20*k**3 - 264*k**2 + 23*k + 28. Give f(13).
-349
Let u(c) = -21*c**3 - 384*c**2 + 3*c - 35. What is u(-18)?
-2033
Let f(j) = 4357*j - 1394232. Give f(320).
8
Let i(l) = l**3 - 11*l**2 - 38*l - 264. Calculate i(-6).
-648
Let b(d) = 8195664*d + 81956644. Calculate b(-10).
4
Let v(u) = u**3 - 110*u**2 - 4901*u + 6096. What is v(-35)?
6
Let o(z) = -z**2 + 1222*z + 34433. Give o(-28).
-567
Let f(w) = -4*w**2 + 5255*w - 21120. Give f(4).
-164
Let f(y) = 1953*y**3 - 2*y**2 - 9*y + 12. Give f(1).
1954
Let f(j) = j**3 + 142*j**2 + 4493*j + 237. What is f(-48)?
1149
Let v(z) = 15*z**2 + 265*z + 1505. Determine v(-23).
3345
Let t(s) = -3675*s + 36844. Determine t(10).
94
Let p(h) = 15*h**3 - 2020*h**2 - 725*h - 177. Calculate p(135).
-6927
Let b(m) = -3*m**2 + 3679*m + 63367. Calculate b(-17).
-43
Let k(z) = 3*z**3 + 59*z**2 - 23*z + 406. Calculate k(-20).
466
Let q(u) = 2784*u - 91999. Calculate q(33).
-127
Let m(h) = 1169*h - 25675. Give m(22).
43
Let m(r) = 58*r**2 + 6518*r + 2436. Calculate m(-112).
-28
Let a(l) = -14*l**3 + 574*l**2 - 12*l + 569. Determine a(41).
77
Let j(f) = 19*f**2 - 70*f - 150. Give j(5).
-25
Let o(u) = u**2 + 784*u + 10019. Calculate o(-13).
-4
Let q(a) = -a**3 - 53*a**2 + 295*a + 274. What is q(-58)?
-16
Let v(y) = y**2 + 196*y + 8790. Calculate v(-81).
-525
Let z(v) = -2*v**2 - 2338*v + 18787. Give z(8).
-45
Let x(f) = -53*f**2 + 1810*f + 1889. Determine x(35).
314
Let w(r) = 5*r**2 - 358*r + 2309. Give w(7).
48
Let l(u) = -10*u**2 + 58843*u + 117708. Determine l(-2).
-18
Let k(c) = 28550*c - 399711. Determine k(14).
-11
Let o(g) = -g**3 - 280*g**2 + 9305*g - 147. Calculate o(30).
3
Let k(q) = -67*q - 4163. Calculate k(-58).
-277
Let k(i) = i**2 - 29207*i - 3902215. Calculate k(-133).
5
Let v(d) = 98*d**2 + 2155*d - 38. Determine v(-22).
-16
Let d(y) = -y**2 - 3962*y + 3039969. Give d(658).
9
Let r(y) = 1220*y + 1147998. Give r(-941).
-22
Let k(r) = r**3 + 4960*r + 14909. Determine k(-3).
2
Let o(h) = -h**3 + 48*h**2 + 80*h - 1933. Give o(49).
-414
Let u(p) = -114076*p - 2053374. Give u(-18).
-6
Let t(l) = -4*l**3 + 53*l**2 - 166*l - 11. What is t(8)?
5
Let m(r) = -2*r**2 + 2905*r + 116318. Give m(-39).
-19
Let r(j) = 3*j**2 - 2060*j - 43844. Give r(-21).
739
Let d(i) = -16904*i + 6981381. Calculate d(413).
29
Let k(l) = -2*l**3 + 250*l**2 - 7438*l - 452. Give k(49).
38
Let f(g) = -g**3 - 48*g**2 - 570*g - 74. What is f(-28)?
206
Let f(t) = -26*t**2 - 1619*t - 314. Calculate f(-62).
120
Let y(z) = -3*z**3 + 47*z**2 + 3244*z - 181. Determine y(-26).
-25
Let i(k) = 11261*k - 101418. Determine i(9).
-69
Let w(l) = -255*l**2 - 4108*l + 3872. Determine w(-17).
13
Let m(u) = -2*u**3 - 488*u**2 + 535*u + 11002. Calculate m(-245).
-23
Let z(x) = -3*x**3 - 199*x**2 + 113*x - 1613. What is z(-67)?
-206
Let i(w) = 183742*w + 5695993. Give i(-31).
-9
Let z(l) = -3*l**3 + 71*l**2 - 82*l - 4569. Calculate z(16).
7
Let t(v) = -107*v**3 + 23651*v**2 - 896*v + 2657. Determine t(221).
5
Let o(n) = n**2 + 4*n + 280. Calculate o(14).
532
Let p(r) = -2*r**3 + 75*r**2 + 376*r + 238. Determine p(-4).
62
Let u(i) = -5*i**2 + 456*i - 101. Determine u(91).
-10
Let f(x) = -x**3 - 4*x**2 - 16172*x - 80898. Give f(-5).
-13
Let v(a) = 9*a**3 + 164*a**2 - 110*a - 54. What is v(1)?
9
Let l(j) = 23*j**2 - 6*j - 27. Determine l(-4).
365
Let q(j) = 2*j**3 + 10*j**2 + 1052*j + 9179. Determine q(-9).
-937
Let c(z) = -225*z - 6569. What is c(-29)?
-44
Let d(y) = -15201*y + 182405. Determine d(12).
-7
Let h(g) = -6*g**3 + 33*g**2 + 67*g - 399. What is h(5)?
11
Let c(r) = 3*r**2 + 325*r + 197. Calculate c(0).
197
Let v(k) = 1725*k - 61997. Calculate v(36).
103
Let n(l) = 10468*l + 52384. Calculate n(-5).
44
Let k(g) = -407*g - 6292. What is k(-10)?
-2222
Let j(p) = -2*p**2 - 1178*p + 11987. Determine j(10).
7
Let l(u) = u**3 + 216*u**2 - 2020*u + 208. What is l(-225)?
-917
Let c(y) = -94*y**2 + 159*y + 4. Determine c(2).
-54
Let x(z) = -6013*z - 348809. Calculate x(-58).
-55
Let j(c) = 127*c**2 - 107*c + 208. Calculate j(2).
502
Let j(t) = -18*t**2 - 6465*t + 46072. Calculate j(7).
-65
Let g(w) = -2*w**3 + 85*w**2 + 290*w + 1465. Calculate g(46).
-7
Let m(o) = -2194*o**3 + 514*o**2 + 507*o - 4. What is m(-1)?
2197
Let n(p) = -2*p**3 + 456*p**2 - 18*p - 359. What is n(228)?
-4463
Let x(u) = 2*u**3 + 30*u**2 - 281*u - 3968. Determine x(-16).
16
Let o(k) = 27*k**2 - 16461*k - 5497. What is o(610)?
-7
Let l(v) = v**3 + 116*v**2 + 208*v - 2152. Calculate l(-114).
128
Let f(p) = -17217*p + 2427585. Determine f(141).
-12
Let v(m) = -5*m**3 - 937*m**2 - 182*m + 35868. Give v(-187).
-36
Let m(q) = -8*q**3 - 17*q**2 + 110*q + 224. Give m(-2).
0
Let j(v) = -5*v**3 - 41*v**2 + 233*v + 167. What is j(-13)?
1194
Let f(u) = u**2 + 34*u + 277. Give f(-18).
-11
Let h(l) = -102*l**2 - 496*l + 1393. Calculate h(-7).
-133
Let i(c) = -c**3 + 11*c**2 + 10*c + 79. What is i(11)?
189
Let j(t) = 49210*t - 393675. Calculate j(8).
5
Let b(q) = q**3 - 3159*q**2 - 18982*q + 48. Determine b(-6).
0
Let r(a) = a**2 + 10*a - 623. Determine r(-36).
313
Let m(a) = -27*a**2 - 191*a - 56. Calculate m(-10).
-846
Let f(a) = 79129*a - 633024. Determine f(8).
8
Let s(f) = 51*f**2 + 35116*f + 19211. Determine s(-688).
-53
Let i(u) = u**3 + 76*u**2 + 693*u - 1478. Determine i(-65).
-48
Let t(d) = -3089*d**3 - 15*d**2 - 8*d + 8. Determine t(-1).
3090
Let z(j) = -49*j**2 + 164*j + 140. What is z(4)?
12
Let c(a) = 47*a**2 - 2638*a + 51. Calculate c(56).
-285
Let f(k) = -k**3 - 55*k**2 + 1694*k - 51. What is f(-77)?
-51
Let u(r) = -2727*r**2 - 741*r + 739. Determine u(1).
-2729
Let a(i) = 35*i**2 + 2017*i + 19920. What is a(-45)?
30
Let y(z) = 17*z**2 + 1447*z + 18822. Determine y(-16).
22
Let m(x) = -1254*x - 52868. Determine m(-42).
-200
Let s(f) = f**3 - f**2 - 1197*f + 3577. What is s(3)?
4
Let p(m) = 3074*m - 233622. Calculate p(76).
2
Let z(w) = -343*w - 1272. Determine z(8).
-4016
Let l(c) = -c**3 - 36*c**2 - 222*c - 13192. Give l(-39).
29
Let m(a) = -56035*a - 2185355. Determine m(-39).
10
Let r(p) = 135*p**2 + 37669*p + 1092. Determine r(-279).
-24
Let m(p) = p**3 - 90*p**2 + 545*p + 3072. Give m(83).
84
Let q(j) = 56382*j + 7724341. Give q(-137).
7
Let r(k) = -k**2 + 142023*k + 852171. Give r(-6).
-3
Let w(o) = 3*o**2 + 226387*o - 905535. What is w(4)?
61
Let d(o) = 851*o**3 - 7662*o**2 - 22*o + 60. Give d(9).
-381
Let g(t) = -652*t**2 - 14343*t - 411. Calculate g(-22).
-433
Let o(c) = c**3 + 40*c**2 + 243*c + 21. What is o(-15)?
2001
Let m(w) = -1004*w - 9026. Determine m(-9).
10
Let a(u) = -6*u**2 - 474*u - 1240. Calculate a(-71).
2168
Let q(w) = 82*w - 2724. Determine q(37).
310
Let i(f) = 5480*f + 180824. What is i(-33)?
-16
Let j(y) = y**3 - 92*y**2 - 12767*y + 66. Calculate j(-76).
-10
Let j(a) = 17*a**3 + 10*a**2 + 10*a + 39. Give j(-4).
-929
Let o(h) = 8*h**3 + 19*h**2 + 38*h + 172. Give o(-4).
-188
Let k(g) = -2*g**2 - 89*g + 6490. Calculate k(-83).
99
Let a(r) = 13*r**3 + 203*r**2 - 374*r - 76. What is a(2)?
92
Let z(p) = 360*p + 99055. Give z(-275).
55
Let p(w) = -17143*w - 325801. Give p(-19).
-84
Let s(q) = -6*q**3 - 913*q**2 - 156*q - 427. What is s(-152)?
181
Let s(k) = k**2 + 147*k - 115. Calculate s(-17).
-2325
Let q(w) = -7163